Calculate the remainder when 1173 is divided by 170.
153
What is the remainder when 2283 is divided by 9?
6
Calculate the remainder when 3269 is divided by 8.
5
Calculate the remainder when 1286 is divided by 68.
62
What is the remainder when 699 is divided by 70?
69
What is the remainder when 1702 is divided by 563?
13
What is the remainder when 913 is divided by 51?
46
What is the remainder when 58 is divided by 10?
8
Calculate the remainder when 611 is divided by 123.
119
Calculate the remainder when 165 is divided by 63.
39
What is the remainder when 213 is divided by 44?
37
What is the remainder when 4002 is divided by 45?
42
Calculate the remainder when 432 is divided by 5.
2
Calculate the remainder when 1675 is divided by 532.
79
Calculate the remainder when 100 is divided by 22.
12
What is the remainder when 63 is divided by 24?
15
Calculate the remainder when 1176 is divided by 244.
200
What is the remainder when 539 is divided by 246?
47
What is the remainder when 939 is divided by 60?
39
Calculate the remainder when 126 is divided by 40.
6
What is the remainder when 242 is divided by 38?
14
Calculate the remainder when 69 is divided by 7.
6
What is the remainder when 2606 is divided by 118?
10
What is the remainder when 31 is divided by 12?
7
Calculate the remainder when 2331 is divided by 41.
35
Calculate the remainder when 1773 is divided by 74.
71
Calculate the remainder when 28 is divided by 19.
9
Calculate the remainder when 111 is divided by 28.
27
Calculate the remainder when 33 is divided by 10.
3
What is the remainder when 584 is divided by 187?
23
Calculate the remainder when 18 is divided by 3.
0
What is the remainder when 23 is divided by 10?
3
What is the remainder when 115 is divided by 73?
42
Calculate the remainder when 458 is divided by 23.
21
What is the remainder when 514 is divided by 229?
56
What is the remainder when 470 is divided by 51?
11
Calculate the remainder when 465 is divided by 164.
137
What is the remainder when 324 is divided by 160?
4
Calculate the remainder when 347 is divided by 183.
164
Calculate the remainder when 302 is divided by 45.
32
Calculate the remainder when 1584 is divided by 226.
2
What is the remainder when 97 is divided by 34?
29
What is the remainder when 1673 is divided by 25?
23
What is the remainder when 1341 is divided by 32?
29
Calculate the remainder when 228 is divided by 80.
68
What is the remainder when 591 is divided by 148?
147
Calculate the remainder when 83 is divided by 22.
17
What is the remainder when 33 is divided by 4?
1
Calculate the remainder when 938 is divided by 2.
0
Calculate the remainder when 216 is divided by 66.
18
What is the remainder when 2049 is divided by 36?
33
What is the remainder when 662 is divided by 5?
2
What is the remainder when 177 is divided by 89?
88
Calculate the remainder when 111 is divided by 85.
26
What is the remainder when 12503 is divided by 205?
203
Calculate the remainder when 286 is divided by 24.
22
What is the remainder when 702 is divided by 233?
3
What is the remainder when 121 is divided by 38?
7
What is the remainder when 301 is divided by 63?
49
What is the remainder when 2725 is divided by 30?
25
Calculate the remainder when 207 is divided by 52.
51
What is the remainder when 28 is divided by 12?
4
Calculate the remainder when 2076 is divided by 99.
96
Calculate the remainder when 1319 is divided by 22.
21
Calculate the remainder when 1673 is divided by 18.
17
Calculate the remainder when 246 is divided by 83.
80
What is the remainder when 1070 is divided by 39?
17
Calculate the remainder when 100 is divided by 13.
9
What is the remainder when 534 is divided by 171?
21
Calculate the remainder when 78 is divided by 5.
3
What is the remainder when 1481 is divided by 114?
113
Calculate the remainder when 734 is divided by 49.
48
What is the remainder when 595 is divided by 88?
67
Calculate the remainder when 2727 is divided by 22.
21
What is the remainder when 1250 is divided by 330?
260
What is the remainder when 1138 is divided by 353?
79
What is the remainder when 222 is divided by 39?
27
What is the remainder when 184 is divided by 97?
87
Calculate the remainder when 42 is divided by 38.
4
What is the remainder when 45 is divided by 14?
3
What is the remainder when 11 is divided by 8?
3
What is the remainder when 220 is divided by 1?
0
What is the remainder when 114 is divided by 45?
24
What is the remainder when 172 is divided by 51?
19
What is the remainder when 28268 is divided by 10?
8
What is the remainder when 117 is divided by 4?
1
Calculate the remainder when 168 is divided by 43.
39
What is the remainder when 67 is divided by 9?
4
Calculate the remainder when 283 is divided by 13.
10
What is the remainder when 305 is divided by 51?
50
Calculate the remainder when 9432 is divided by 15.
12
What is the remainder when 392 is divided by 7?
0
What is the remainder when 244 is divided by 63?
55
What is the remainder when 683 is divided by 136?
3
What is the remainder when 272 is divided by 22?
8
Calculate the remainder when 7092 is divided by 165.
162
Calculate the remainder when 1111 is divided by 93.
88
What is the remainder when 12461 is divided by 24?
5
What is the remainder when 808 is divided by 165?
148
What is the remainder when 1813 is divided by 183?
166
What is the remainder when 3205 is divided by 31?
12
Calculate the remainder when 2024 is divided by 190.
124
What is the remainder when 510 is divided by 193?
124
What is the remainder when 11126 is divided by 359?
356
What is the remainder when 979 is divided by 32?
19
Calculate the remainder when 615 is divided by 111.
60
What is the remainder when 1515 is divided by 38?
33
Calculate the remainder when 14 is divided by 1.
0
What is the remainder when 1242 is divided by 3?
0
What is the remainder when 595 is divided by 20?
15
What is the remainder when 461 is divided by 31?
27
Calculate the remainder when 39 is divided by 2.
1
Calculate the remainder when 1034 is divided by 133.
103
Calculate the remainder when 375 is divided by 48.
39
Calculate the remainder when 733 is divided by 229.
46
What is the remainder when 621 is divided by 45?
36
Calculate the remainder when 14 is divided by 1.
0
Calculate the remainder when 1289 is divided by 7.
1
What is the remainder when 177 is divided by 93?
84
Calculate the remainder when 79 is divided by 9.
7
Calculate the remainder when 63 is divided by 34.
29
What is the remainder when 1009 is divided by 13?
8
Calculate the remainder when 504 is divided by 274.
230
Calculate the remainder when 33 is divided by 7.
5
What is the remainder when 62 is divided by 30?
2
Calculate the remainder when 84 is divided by 7.
0
Calculate the remainder when 1684 is divided by 136.
52
Calculate the remainder when 1201 is divided by 1185.
16
What is the remainder when 91 is divided by 31?
29
What is the remainder when 99 is divided by 13?
8
What is the remainder when 275 is divided by 56?
51
Calculate the remainder when 2367 is divided by 103.
101
What is the remainder when 111 is divided by 4?
3
What is the remainder when 106 is divided by 30?
16
Calculate the remainder when 808 is divided by 15.
13
Calculate the remainder when 42505 is divided by 106.
105
Calculate the remainder when 24530 is divided by 221.
220
What is the remainder when 48 is divided by 28?
20
What is the remainder when 6171 is divided by 42?
39
Calculate the remainder when 73 is divided by 19.
16
What is the remainder when 1035 is divided by 505?
25
Calculate the remainder when 2732 is divided by 36.
32
Calculate the remainder when 416 is divided by 135.
11
What is the remainder when 1600 is divided by 105?
25
Calculate the remainder when 742 is divided by 93.
91
Calculate the remainder when 47 is divided by 2.
1
Calculate the remainder when 782 is divided by 6.
2
Calculate the remainder when 84 is divided by 47.
37
Calculate the remainder when 1757 is divided by 10.
7
What is the remainder when 154 is divided by 56?
42
Calculate the remainder when 146 is divided by 60.
26
What is the remainder when 1402 is divided by 40?
2
What is the remainder when 737 is divided by 5?
2
Calculate the remainder when 86 is divided by 6.
2
Calculate the remainder when 229 